{"id":5841,"date":"2023-06-27T20:25:09","date_gmt":"2023-06-27T20:25:09","guid":{"rendered":"https:\/\/tm2023.mittmagasin.online\/?page_id=5841"},"modified":"2023-06-28T13:57:54","modified_gmt":"2023-06-28T13:57:54","slug":"morsom-aktivitet-med-brilliant-fun-run","status":"publish","type":"page","link":"https:\/\/tm2023.mittmagasin.online\/?page_id=5841","title":{"rendered":"Morsom aktivitet med Brilliant Fun Run"},"content":{"rendered":"<p>\n    <a href=\"\">Forrige<\/a>\n<\/p>\n<p>\n    <a href=\"\">Neste<\/a>\n<\/p>\n<h2>ENGASJERT SAMARBEIDSPARTNER<\/h2>\n<h1>\n<p>Morsom aktivitet med Brilliant Fun Run<\/p>\n<\/h1>\n<p><img decoding=\"async\" src=\"\/wp-content\/uploads\/2023\/06\/Deltaker.jpg\" alt=\"\"><\/p>\n<div>\n<p><em><strong>Gratis:<\/strong> Det var gratis \u00e5 delta da Brilliant arrangerte Brilliant Fun Run fra sine kontorer i Nyhavna til Korsvika og tilbake. (Foto: Brilliant)<\/em><\/p>\n<\/div>\n<div>\n<p><em>Av Marianne R\u00f8hme<\/em><\/p>\n<p><strong>OPPTATT AV SOSIAL B\u00c6REKRAFT:<\/strong> IT-selskapet Brilliant er, p\u00e5 samme m\u00e5te som Trondheim Maraton, opptatt av sosial b\u00e6rekraft. Det var derfor aldri noen tvil hos ledelsen i Brilliant da muligheten for \u00e5 v\u00e6re navnesponsor p\u00e5 halvmaratondistansen i Trondheim Maraton b\u00f8d seg.<\/p>\n<p>\u2013 Verdiene til Trondheim Maraton sammenfaller veldig med v\u00e5re. Vi setter derfor stor pris p\u00e5 \u00e5 kunne samarbeide med Trondheim Maraton og i tillegg v\u00e6re navnesponsor p\u00e5 halvmaratondistansen, sier markedssjef Robert David Olsen i Brilliant som regner med at iallfall halvparten av bedriftens 50 ansatte kommer til \u00e5 stille til start p\u00e5 en av distansene i Trondheim Maraton.<\/p>\n<p>\u2013 Sist vi var med deltok 15 stykker i l\u00f8pet. I \u00e5r blir vi nok mange flere. I tillegg vil mange av de resterende v\u00e6re heiagjeng og bidra til \u00e5 skape liv langs l\u00f8ypa. De kommer til \u00e5 spille musikk og heie p\u00e5 deltakerne som l\u00f8per forbi, sier han.<\/p>\n<p><strong>Lavterskel<\/strong><\/p>\n<p>Brilliant Fun Run var et lavterskeltilbud hvor en b\u00e5de kunne g\u00e5 og l\u00f8pe.<\/p>\n<p>\u2013 Dette var et fire kilometer langt l\u00f8p som gikk fra v\u00e5re kontorer p\u00e5 Nyhavna til Korsvika og tilbake. P\u00e5 forh\u00e5nd skulle hver enkelt deltaker oppgi en tid de trodde de kom til \u00e5 gjennomf\u00f8re l\u00f8pet p\u00e5. Deretter var det om \u00e5 gj\u00f8re \u00e5 komme s\u00e5 n\u00e6r sin idealtid som mulig. I Korsvika hadde vi laget en quiz de m\u00e5tte svare p\u00e5, f\u00f8r de snudde og gikk eller l\u00f8p tilbake. Hvor mye rett de fikk p\u00e5 denne quizen var med p\u00e5 \u00e5 p\u00e5virke hvilken sluttid de kom til \u00e5 f\u00e5, forteller Robert David og legger til at den uh\u00f8ytidelige konkurransen ble sv\u00e6rt godt mottatt.<\/p>\n<p>Brilliant Fun Run var et l\u00f8p som var \u00e5pent for alle \u2013 b\u00e5de egne ansatte og andre.<\/p>\n<p>\u2013 Det viktigste for oss er \u00e5 motivere folk til \u00e5 trene og v\u00e6re fysisk aktive. Vi \u00f8nsker at \u00e5 tilby folk et sosialt og trivelig milj\u00f8 for fysisk aktivitet, sier Robert David.<\/p>\n<p><strong>Gratis trening og flere turer<\/strong><\/p>\n<p>De ansatte hos Brilliant har fri trening gjennom jobben slik at de lettere skal bli motiverte til \u00e5 holde seg i form.<\/p>\n<p>\u2013 Vi pleier ogs\u00e5 \u00e5 arrangere turer og har blant annet v\u00e6rt i Bergen og l\u00f8pt Stoltzekleiven Opp. Vi synes idretten bidrar bra b\u00e5de med \u00e5 skape samhold og bygge en god bedriftskultur, sier han.<\/p>\n<\/div>\n<p><img decoding=\"async\" src=\"\/wp-content\/uploads\/2023\/06\/sporsmal.jpg\" alt=\"\"><\/p>\n<div>\n<p><em><strong>Mer enn l\u00f8ping:<\/strong> Da deltakerne kom fram til Korsvika, m\u00e5tte de svare p\u00e5 noen sp\u00f8rsm\u00e5l f\u00f8r de kunne l\u00f8pe tilbake. Svarene var med p\u00e5 \u00e5 bestemme sluttida deres. (Foto: Brilliant)<\/em><\/p>\n<\/div>\n<p><img decoding=\"async\" src=\"\/wp-content\/uploads\/2023\/06\/maraton2.jpg\" alt=\"\"><\/p>\n<div>\n<p><em><strong>Engasjert:<\/strong> Det var 15 engasjerte medarbeidere fra IT-selskapet Brilliant som stilte til start i Trondheim Maraton i fjor. I \u00e5r h\u00e5per de p\u00e5 \u00e5 bli enda flere. (Foto: Trondheim Maraton)<\/em><\/p>\n<\/div>\n<p>\n    <a href=\"\">Forrige<\/a>\n<\/p>\n<p>\n    <a href=\"\">Neste<\/a>\n<\/p>\n<p><!--more--><br \/>\n<!-- {\"type\":\"layout\",\"children\":[{\"type\":\"section\",\"props\":{\"style\":\"default\",\"width\":\"default\",\"vertical_align\":\"middle\",\"title_position\":\"top-left\",\"title_rotation\":\"left\",\"title_breakpoint\":\"xl\",\"image_position\":\"center-center\",\"padding\":\"xsmall\",\"padding_remove_top\":false},\"children\":[{\"type\":\"row\",\"props\":{\"layout\":\"1-2,1-2\"},\"children\":[{\"type\":\"column\",\"props\":{\"position_sticky_breakpoint\":\"m\",\"image_position\":\"center-center\",\"media_overlay_gradient\":\"\",\"width_medium\":\"1-2\"},\"children\":[{\"type\":\"button\",\"props\":{\"grid_column_gap\":\"small\",\"grid_row_gap\":\"small\",\"margin\":\"default\",\"position\":\"absolute\"},\"children\":[{\"type\":\"button_item\",\"props\":{\"button_style\":\"danger\",\"icon_align\":\"left\",\"content\":\"Forrige\"},\"source\":{\"query\":{\"name\":\"pages.singleNextPage\"},\"props\":{\"link\":{\"filters\":{\"search\":\"\"},\"name\":\"link\"}}}}]}]},{\"type\":\"column\",\"props\":{\"position_sticky_breakpoint\":\"m\",\"image_position\":\"center-center\",\"media_overlay_gradient\":\"\",\"width_medium\":\"1-2\"},\"children\":[{\"type\":\"button\",\"props\":{\"grid_column_gap\":\"small\",\"grid_row_gap\":\"small\",\"margin\":\"default\",\"text_align\":\"right\",\"position\":\"absolute\"},\"children\":[{\"type\":\"button_item\",\"props\":{\"button_style\":\"danger\",\"icon_align\":\"left\",\"content\":\"Neste\"},\"source\":{\"query\":{\"name\":\"pages.singlePreviousPage\"},\"props\":{\"link\":{\"filters\":{\"search\":\"\"},\"name\":\"link\"}}}}]}]}]}],\"name\":\"Forrige\\\/Neste - TOPP\"},{\"type\":\"section\",\"props\":{\"style\":\"default\",\"width\":\"default\",\"vertical_align\":\"middle\",\"title_position\":\"top-left\",\"title_rotation\":\"left\",\"title_breakpoint\":\"xl\",\"image_position\":\"center-center\"},\"children\":[{\"type\":\"row\",\"children\":[{\"type\":\"column\",\"props\":{\"position_sticky_breakpoint\":\"m\",\"image_position\":\"center-center\",\"media_overlay_gradient\":\"\"},\"children\":[{\"type\":\"headline\",\"props\":{\"title_element\":\"h2\",\"title_color\":\"primary\",\"content\":\"ENGASJERT SAMARBEIDSPARTNER\",\"text_align\":\"center\"}},{\"type\":\"headline\",\"props\":{\"title_element\":\"h1\",\"content\":\"\n\n<p>Morsom aktivitet med Brilliant Fun Run<\\\/p>\",\"text_align\":\"center\"}},{\"type\":\"image\",\"props\":{\"margin\":\"small\",\"image_svg_color\":\"emphasis\",\"image\":\"wp-content\\\/uploads\\\/2023\\\/06\\\/Deltaker.jpg\"}},{\"type\":\"text\",\"props\":{\"margin\":\"default\",\"column_breakpoint\":\"m\",\"content\":\"\n\n<p><em><strong>Gratis:<\\\/strong> Det var gratis \\u00e5 delta da Brilliant arrangerte Brilliant Fun Run fra sine kontorer i Nyhavna til Korsvika og tilbake. (Foto: Brilliant)<\\\/em><\\\/p>\",\"margin_remove_top\":true}}]}]}]},{\"type\":\"section\",\"props\":{\"style\":\"default\",\"width\":\"default\",\"vertical_align\":\"middle\",\"title_position\":\"top-left\",\"title_rotation\":\"left\",\"title_breakpoint\":\"xl\",\"image_position\":\"center-center\",\"padding\":\"small\",\"padding_remove_top\":true},\"children\":[{\"type\":\"row\",\"props\":{\"layout\":\"1-2,1-2\"},\"children\":[{\"type\":\"column\",\"props\":{\"position_sticky_breakpoint\":\"m\",\"image_position\":\"center-center\",\"media_overlay_gradient\":\"\",\"width_medium\":\"1-2\"},\"children\":[{\"type\":\"text\",\"props\":{\"margin\":\"default\",\"column_breakpoint\":\"m\",\"content\":\"\n\n<p><em>Av Marianne R\\u00f8hme<\\\/em><\\\/p>\\n\n\n<p><strong>OPPTATT AV SOSIAL B\\u00c6REKRAFT:<\\\/strong> IT-selskapet Brilliant er, p\\u00e5 samme m\\u00e5te som Trondheim Maraton, opptatt av sosial b\\u00e6rekraft. Det var derfor aldri noen tvil hos ledelsen i Brilliant da muligheten for \\u00e5 v\\u00e6re navnesponsor p\\u00e5 halvmaratondistansen i Trondheim Maraton b\\u00f8d seg.<\\\/p>\\n\n\n<p>\\u2013 Verdiene til Trondheim Maraton sammenfaller veldig med v\\u00e5re. Vi setter derfor stor pris p\\u00e5 \\u00e5 kunne samarbeide med Trondheim Maraton og i tillegg v\\u00e6re navnesponsor p\\u00e5 halvmaratondistansen, sier markedssjef Robert David Olsen i Brilliant som regner med at iallfall halvparten av bedriftens 50 ansatte kommer til \\u00e5 stille til start p\\u00e5 en av distansene i Trondheim Maraton.<\\\/p>\\n\n\n<p>\\u2013 Sist vi var med deltok 15 stykker i l\\u00f8pet. I \\u00e5r blir vi nok mange flere. I tillegg vil mange av de resterende v\\u00e6re heiagjeng og bidra til \\u00e5 skape liv langs l\\u00f8ypa. De kommer til \\u00e5 spille musikk og heie p\\u00e5 deltakerne som l\\u00f8per forbi, sier han.<\\\/p>\\n\n\n<p><strong>Lavterskel<\\\/strong><\\\/p>\\n\n\n<p>Brilliant Fun Run var et lavterskeltilbud hvor en b\\u00e5de kunne g\\u00e5 og l\\u00f8pe.<\\\/p>\\n\n\n<p>\\u2013 Dette var et fire kilometer langt l\\u00f8p som gikk fra v\\u00e5re kontorer p\\u00e5 Nyhavna til Korsvika og tilbake. P\\u00e5 forh\\u00e5nd skulle hver enkelt deltaker oppgi en tid de trodde de kom til \\u00e5 gjennomf\\u00f8re l\\u00f8pet p\\u00e5. Deretter var det om \\u00e5 gj\\u00f8re \\u00e5 komme s\\u00e5 n\\u00e6r sin idealtid som mulig. I Korsvika hadde vi laget en quiz de m\\u00e5tte svare p\\u00e5, f\\u00f8r de snudde og gikk eller l\\u00f8p tilbake. Hvor mye rett de fikk p\\u00e5 denne quizen var med p\\u00e5 \\u00e5 p\\u00e5virke hvilken sluttid de kom til \\u00e5 f\\u00e5, forteller Robert David og legger til at den uh\\u00f8ytidelige konkurransen ble sv\\u00e6rt godt mottatt.<\\\/p>\\n\n\n<p>Brilliant Fun Run var et l\\u00f8p som var \\u00e5pent for alle \\u2013 b\\u00e5de egne ansatte og andre.<\\\/p>\\n\n\n<p>\\u2013 Det viktigste for oss er \\u00e5 motivere folk til \\u00e5 trene og v\\u00e6re fysisk aktive. Vi \\u00f8nsker at \\u00e5 tilby folk et sosialt og trivelig milj\\u00f8 for fysisk aktivitet, sier Robert David.<\\\/p>\\n\n\n<p><strong>Gratis trening og flere turer<\\\/strong><\\\/p>\\n\n\n<p>De ansatte hos Brilliant har fri trening gjennom jobben slik at de lettere skal bli motiverte til \\u00e5 holde seg i form.<\\\/p>\\n\n\n<p>\\u2013 Vi pleier ogs\\u00e5 \\u00e5 arrangere turer og har blant annet v\\u00e6rt i Bergen og l\\u00f8pt Stoltzekleiven Opp. Vi synes idretten bidrar bra b\\u00e5de med \\u00e5 skape samhold og bygge en god bedriftskultur, sier han.<\\\/p>\"}}]},{\"type\":\"column\",\"props\":{\"position_sticky_breakpoint\":\"m\",\"image_position\":\"center-center\",\"media_overlay_gradient\":\"\",\"width_medium\":\"1-2\"},\"children\":[{\"type\":\"image\",\"props\":{\"margin\":\"small\",\"image_svg_color\":\"emphasis\",\"image\":\"wp-content\\\/uploads\\\/2023\\\/06\\\/sporsmal.jpg\",\"image_width\":\"600\"}},{\"type\":\"text\",\"props\":{\"margin\":\"default\",\"column_breakpoint\":\"m\",\"content\":\"\n\n<p><em><strong>Mer enn l\\u00f8ping:<\\\/strong> Da deltakerne kom fram til Korsvika, m\\u00e5tte de svare p\\u00e5 noen sp\\u00f8rsm\\u00e5l f\\u00f8r de kunne l\\u00f8pe tilbake. Svarene var med p\\u00e5 \\u00e5 bestemme sluttida deres. (Foto: Brilliant)<\\\/em><\\\/p>\",\"margin_remove_top\":true}},{\"type\":\"image\",\"props\":{\"margin\":\"small\",\"image_svg_color\":\"emphasis\",\"image\":\"wp-content\\\/uploads\\\/2023\\\/06\\\/maraton2.jpg\",\"image_width\":\"600\"}},{\"type\":\"text\",\"props\":{\"margin\":\"default\",\"column_breakpoint\":\"m\",\"content\":\"\n\n<p><em><strong>Engasjert:<\\\/strong> Det var 15 engasjerte medarbeidere fra IT-selskapet Brilliant som stilte til start i Trondheim Maraton i fjor. I \\u00e5r h\\u00e5per de p\\u00e5 \\u00e5 bli enda flere. (Foto: Trondheim Maraton)<\\\/em><\\\/p>\",\"margin_remove_top\":true}}]}]}]},{\"type\":\"section\",\"props\":{\"style\":\"default\",\"width\":\"default\",\"vertical_align\":\"middle\",\"title_position\":\"top-left\",\"title_rotation\":\"left\",\"title_breakpoint\":\"xl\",\"image_position\":\"center-center\",\"padding\":\"large\",\"padding_remove_top\":false},\"children\":[{\"type\":\"row\",\"props\":{\"layout\":\"1-2,1-2\"},\"children\":[{\"type\":\"column\",\"props\":{\"position_sticky_breakpoint\":\"m\",\"image_position\":\"center-center\",\"media_overlay_gradient\":\"\",\"width_medium\":\"1-2\"},\"children\":[{\"type\":\"button\",\"props\":{\"grid_column_gap\":\"small\",\"grid_row_gap\":\"small\",\"margin\":\"default\",\"position\":\"absolute\"},\"children\":[{\"type\":\"button_item\",\"props\":{\"button_style\":\"danger\",\"icon_align\":\"left\",\"content\":\"Forrige\"},\"source\":{\"query\":{\"name\":\"pages.singleNextPage\"},\"props\":{\"link\":{\"filters\":{\"search\":\"\"},\"name\":\"link\"}}}}]}]},{\"type\":\"column\",\"props\":{\"position_sticky_breakpoint\":\"m\",\"image_position\":\"center-center\",\"media_overlay_gradient\":\"\",\"width_medium\":\"1-2\"},\"children\":[{\"type\":\"button\",\"props\":{\"grid_column_gap\":\"small\",\"grid_row_gap\":\"small\",\"margin\":\"default\",\"text_align\":\"right\",\"position\":\"absolute\"},\"children\":[{\"type\":\"button_item\",\"props\":{\"button_style\":\"danger\",\"icon_align\":\"left\",\"content\":\"Neste\"},\"source\":{\"query\":{\"name\":\"pages.singlePreviousPage\"},\"props\":{\"link\":{\"filters\":{\"search\":\"\"},\"name\":\"link\"}}}}]}]}]}],\"name\":\"Forrige\\\/Neste - BUNN\"}],\"version\":\"2.7.22\"} --><\/p>\n","protected":false},"excerpt":{"rendered":"<p>Forrige Neste ENGASJERT SAMARBEIDSPARTNER Morsom aktivitet med Brilliant Fun Run Gratis: Det var gratis \u00e5 delta da Brilliant arrangerte Brilliant Fun Run fra sine kontorer i Nyhavna til Korsvika og tilbake. (Foto: Brilliant) Av Marianne R\u00f8hme OPPTATT AV SOSIAL B\u00c6REKRAFT: IT-selskapet Brilliant er, p\u00e5 samme m\u00e5te som Trondheim Maraton, opptatt av sosial b\u00e6rekraft. Det var [&hellip;]<\/p>\n","protected":false},"author":1,"featured_media":0,"parent":0,"menu_order":25,"comment_status":"closed","ping_status":"closed","template":"","meta":{"footnotes":""},"class_list":["post-5841","page","type-page","status-publish","hentry"],"acf":[],"_links":{"self":[{"href":"https:\/\/tm2023.mittmagasin.online\/index.php?rest_route=\/wp\/v2\/pages\/5841","targetHints":{"allow":["GET"]}}],"collection":[{"href":"https:\/\/tm2023.mittmagasin.online\/index.php?rest_route=\/wp\/v2\/pages"}],"about":[{"href":"https:\/\/tm2023.mittmagasin.online\/index.php?rest_route=\/wp\/v2\/types\/page"}],"author":[{"embeddable":true,"href":"https:\/\/tm2023.mittmagasin.online\/index.php?rest_route=\/wp\/v2\/users\/1"}],"replies":[{"embeddable":true,"href":"https:\/\/tm2023.mittmagasin.online\/index.php?rest_route=%2Fwp%2Fv2%2Fcomments&post=5841"}],"version-history":[{"count":19,"href":"https:\/\/tm2023.mittmagasin.online\/index.php?rest_route=\/wp\/v2\/pages\/5841\/revisions"}],"predecessor-version":[{"id":6047,"href":"https:\/\/tm2023.mittmagasin.online\/index.php?rest_route=\/wp\/v2\/pages\/5841\/revisions\/6047"}],"wp:attachment":[{"href":"https:\/\/tm2023.mittmagasin.online\/index.php?rest_route=%2Fwp%2Fv2%2Fmedia&parent=5841"}],"curies":[{"name":"wp","href":"https:\/\/api.w.org\/{rel}","templated":true}]}}